{"id":371,"date":"2026-02-18T20:03:38","date_gmt":"2026-02-18T19:03:38","guid":{"rendered":"http:\/\/89.163.145.90:8091\/?page_id=371"},"modified":"2026-03-24T08:46:44","modified_gmt":"2026-03-24T07:46:44","slug":"mon-lhistoire","status":"publish","type":"page","link":"https:\/\/timabelou.thuglifenforce2.ovh\/index.php\/mon-lhistoire\/","title":{"rendered":"Mon Histoire"},"content":{"rendered":"\t\t<div data-elementor-type=\"wp-page\" data-elementor-id=\"371\" class=\"elementor elementor-371\" data-elementor-post-type=\"page\">\n\t\t\t\t<div class=\"elementor-element elementor-element-7b2e658 e-flex e-con-boxed e-con e-parent\" data-id=\"7b2e658\" data-element_type=\"container\" data-e-type=\"container\">\n\t\t\t\t\t<div class=\"e-con-inner\">\n\t\t\t\t<div class=\"elementor-element elementor-element-d1c732f elementor-widget elementor-widget-spacer\" data-id=\"d1c732f\" data-element_type=\"widget\" data-e-type=\"widget\" data-widget_type=\"spacer.default\">\n\t\t\t\t\t\t\t<div class=\"elementor-spacer\">\n\t\t\t<div class=\"elementor-spacer-inner\"><\/div>\n\t\t<\/div>\n\t\t\t\t\t\t<\/div>\n\t\t\t\t\t<\/div>\n\t\t\t\t<\/div>\n\t\t<div class=\"elementor-element elementor-element-ce58464 e-con-full e-flex e-con e-parent\" data-id=\"ce58464\" data-element_type=\"container\" data-e-type=\"container\" data-settings=\"{&quot;background_background&quot;:&quot;classic&quot;}\">\n\t\t<div class=\"elementor-element elementor-element-f89bb24 e-flex e-con-boxed e-con e-child\" data-id=\"f89bb24\" data-element_type=\"container\" data-e-type=\"container\">\n\t\t\t\t\t<div class=\"e-con-inner\">\n\t\t\t\t<div class=\"elementor-element elementor-element-6488d66 elementor-widget elementor-widget-heading\" data-id=\"6488d66\" data-element_type=\"widget\" data-e-type=\"widget\" data-widget_type=\"heading.default\">\n\t\t\t\t\t<h2 class=\"elementor-heading-title elementor-size-default\">L'histoire<\/h2>\t\t\t\t<\/div>\n\t\t<div class=\"elementor-element elementor-element-eedccc2 e-con-full e-flex e-con e-child\" data-id=\"eedccc2\" data-element_type=\"container\" data-e-type=\"container\">\n\t\t\t\t<div class=\"elementor-element elementor-element-2504b3c elementor-widget elementor-widget-spacer\" data-id=\"2504b3c\" data-element_type=\"widget\" data-e-type=\"widget\" data-widget_type=\"spacer.default\">\n\t\t\t\t\t\t\t<div class=\"elementor-spacer\">\n\t\t\t<div class=\"elementor-spacer-inner\"><\/div>\n\t\t<\/div>\n\t\t\t\t\t\t<\/div>\n\t\t\t\t<div class=\"elementor-element elementor-element-6473bdd elementor-widget__width-initial elementor-widget elementor-widget-text-editor\" data-id=\"6473bdd\" data-element_type=\"widget\" data-e-type=\"widget\" data-widget_type=\"text-editor.default\">\n\t\t\t\t\t\t\t\t\t<p class=\"p1\">Tima Belou est fond\u00e9e en 2021 \u00e0 Paris par Fatima Beloucif. Cette jeune marque de robes de mari\u00e9e, moderne et sortant des sentiers battus veut parler \u00e0 des femmes ambitieuses, \u00e0 l\u2019aise dans leur temps, ind\u00e9pendantes et adeptes de la sophistication tout en simplicit\u00e9.<\/p><p class=\"p1\">Bien que n\u00e9e en 2021, la marque est pourtant intimement li\u00e9e \u00e0 sa cr\u00e9atrice, Fatima. Forte d\u2019une exp\u00e9rience de plus de 10 ans elle fera ses armes aupr\u00e8s de grands noms de la mode tel que Dior ou Louis Vuitton , en parall\u00e8le de son activit\u00e9 professionnelle elle r\u00e9alise des robes de mari\u00e9es depuis plus de 10 ans.<\/p>\t\t\t\t\t\t\t\t<\/div>\n\t\t\t\t<\/div>\n\t\t\t\t\t<\/div>\n\t\t\t\t<\/div>\n\t\t\t\t<\/div>\n\t\t<div class=\"elementor-element elementor-element-a48ae99 e-flex e-con-boxed e-con e-parent\" data-id=\"a48ae99\" data-element_type=\"container\" data-e-type=\"container\">\n\t\t\t\t\t<div class=\"e-con-inner\">\n\t\t<div class=\"elementor-element elementor-element-776509b e-con-full e-flex e-con e-child\" data-id=\"776509b\" data-element_type=\"container\" data-e-type=\"container\">\n\t\t<div class=\"elementor-element elementor-element-5b4505c e-con-full e-flex e-con e-child\" data-id=\"5b4505c\" data-element_type=\"container\" data-e-type=\"container\">\n\t\t\t\t<div class=\"elementor-element elementor-element-3b9e597 elementor-widget elementor-widget-image\" data-id=\"3b9e597\" data-element_type=\"widget\" data-e-type=\"widget\" data-widget_type=\"image.default\">\n\t\t\t\t\t\t\t\t\t\t\t\t\t\t\t<img fetchpriority=\"high\" decoding=\"async\" width=\"704\" height=\"1024\" src=\"https:\/\/timabelou.thuglifenforce2.ovh\/wp-content\/uploads\/2026\/02\/353A0552-scaled-e1656076392818-704x1024.jpg\" class=\"attachment-large size-large wp-image-180\" alt=\"\" srcset=\"https:\/\/timabelou.thuglifenforce2.ovh\/wp-content\/uploads\/2026\/02\/353A0552-scaled-e1656076392818-704x1024.jpg 704w, https:\/\/timabelou.thuglifenforce2.ovh\/wp-content\/uploads\/2026\/02\/353A0552-scaled-e1656076392818-600x872.jpg 600w, https:\/\/timabelou.thuglifenforce2.ovh\/wp-content\/uploads\/2026\/02\/353A0552-scaled-e1656076392818-206x300.jpg 206w, https:\/\/timabelou.thuglifenforce2.ovh\/wp-content\/uploads\/2026\/02\/353A0552-scaled-e1656076392818-768x1117.jpg 768w, https:\/\/timabelou.thuglifenforce2.ovh\/wp-content\/uploads\/2026\/02\/353A0552-scaled-e1656076392818.jpg 866w\" sizes=\"(max-width: 704px) 100vw, 704px\" \/>\t\t\t\t\t\t\t\t\t\t\t\t\t\t\t<\/div>\n\t\t\t\t<\/div>\n\t\t<div class=\"elementor-element elementor-element-318714c e-con-full e-flex e-con e-child\" data-id=\"318714c\" data-element_type=\"container\" data-e-type=\"container\">\n\t\t\t\t<div class=\"elementor-element elementor-element-e907cf4 elementor-widget elementor-widget-heading\" data-id=\"e907cf4\" data-element_type=\"widget\" data-e-type=\"widget\" data-widget_type=\"heading.default\">\n\t\t\t\t\t<h2 class=\"elementor-heading-title elementor-size-default\">La cr\u00e9atrice<\/h2>\t\t\t\t<\/div>\n\t\t\t\t<div class=\"elementor-element elementor-element-9b143f4 elementor-widget elementor-widget-spacer\" data-id=\"9b143f4\" data-element_type=\"widget\" data-e-type=\"widget\" data-widget_type=\"spacer.default\">\n\t\t\t\t\t\t\t<div class=\"elementor-spacer\">\n\t\t\t<div class=\"elementor-spacer-inner\"><\/div>\n\t\t<\/div>\n\t\t\t\t\t\t<\/div>\n\t\t\t\t<div class=\"elementor-element elementor-element-e1ccc96 elementor-widget__width-initial elementor-widget elementor-widget-text-editor\" data-id=\"e1ccc96\" data-element_type=\"widget\" data-e-type=\"widget\" data-widget_type=\"text-editor.default\">\n\t\t\t\t\t\t\t\t\t<p class=\"p1\">Fatima Beloucif est originaire d\u2019Alg\u00e9rie. Elle y passe ses 2 premi\u00e8res ann\u00e9es pour ensuite venir en France. Tr\u00e8s t\u00f4t, elle d\u00e9veloppe un go\u00fbt certain pour les tissus et les formes. Apr\u00e8s ses \u00e9tudes de mode, elle finit dipl\u00f4m\u00e9e de l\u2019\u00e9cole LISAA en 2010.<\/p><p class=\"p1\">C\u2019est son stage de fin d\u2019\u00e9tude qui va \u00e9crire le premier chapitre de l\u2019histoire Tima Belou. Cette exp\u00e9rience chez une cr\u00e9atrice de robe de mari\u00e9e va alors \u00e9veiller une r\u00e9elle vocation !<\/p><p class=\"p1\">En parall\u00e8le de son activit\u00e9 professionnelle, Fatima commence \u00e0 proposer ses services \u00e0 des amies en r\u00e9alisant leurs robes de mari\u00e9es. Au fil des ann\u00e9es et de ses exp\u00e9riences, sa cr\u00e9ativit\u00e9 et son inventivit\u00e9 \u00e9voluent au quotidien.<\/p><p class=\"p1\">Chaque ann\u00e9e pass\u00e9e renforce son amour pour les futures mari\u00e9es. Pour Fatima chaque robe est diff\u00e9rente \u00e0 l\u2019image de la personnalit\u00e9 de chaque mari\u00e9e. A travers du temps consacr\u00e9, de l\u2019\u00e9coute, elle arrive \u00e0 cerner leurs envies. Elle per\u00e7oit le mot, l\u2019attitude, qui vont donner tout son sens \u00e0 la robe, un peu comme une signature.<\/p>\t\t\t\t\t\t\t\t<\/div>\n\t\t\t\t<\/div>\n\t\t\t\t<\/div>\n\t\t\t\t\t<\/div>\n\t\t\t\t<\/div>\n\t\t\t\t<\/div>\n\t\t","protected":false},"excerpt":{"rendered":"<p>L&#8217;histoire Tima Belou est fond\u00e9e en 2021 \u00e0 Paris par Fatima Beloucif. Cette jeune marque de robes de mari\u00e9e, moderne et sortant des sentiers battus veut parler \u00e0 des femmes ambitieuses, \u00e0 l\u2019aise dans leur temps, ind\u00e9pendantes et adeptes de la sophistication tout en simplicit\u00e9. Bien que n\u00e9e en 2021, la marque est pourtant intimement [&hellip;]<\/p>\n","protected":false},"author":1,"featured_media":0,"parent":0,"menu_order":0,"comment_status":"closed","ping_status":"closed","template":"","meta":{"footnotes":""},"class_list":["post-371","page","type-page","status-publish","hentry"],"jetpack_sharing_enabled":true,"_links":{"self":[{"href":"https:\/\/timabelou.thuglifenforce2.ovh\/index.php\/wp-json\/wp\/v2\/pages\/371","targetHints":{"allow":["GET"]}}],"collection":[{"href":"https:\/\/timabelou.thuglifenforce2.ovh\/index.php\/wp-json\/wp\/v2\/pages"}],"about":[{"href":"https:\/\/timabelou.thuglifenforce2.ovh\/index.php\/wp-json\/wp\/v2\/types\/page"}],"author":[{"embeddable":true,"href":"https:\/\/timabelou.thuglifenforce2.ovh\/index.php\/wp-json\/wp\/v2\/users\/1"}],"replies":[{"embeddable":true,"href":"https:\/\/timabelou.thuglifenforce2.ovh\/index.php\/wp-json\/wp\/v2\/comments?post=371"}],"version-history":[{"count":38,"href":"https:\/\/timabelou.thuglifenforce2.ovh\/index.php\/wp-json\/wp\/v2\/pages\/371\/revisions"}],"predecessor-version":[{"id":2560,"href":"https:\/\/timabelou.thuglifenforce2.ovh\/index.php\/wp-json\/wp\/v2\/pages\/371\/revisions\/2560"}],"wp:attachment":[{"href":"https:\/\/timabelou.thuglifenforce2.ovh\/index.php\/wp-json\/wp\/v2\/media?parent=371"}],"curies":[{"name":"wp","href":"https:\/\/api.w.org\/{rel}","templated":true}]}}