{"id":1899,"date":"2026-03-10T10:56:55","date_gmt":"2026-03-10T09:56:55","guid":{"rendered":"https:\/\/timabelou.thuglifenforce2.ovh\/?post_type=product&#038;p=1899"},"modified":"2026-03-12T14:02:34","modified_gmt":"2026-03-12T13:02:34","slug":"elisa","status":"publish","type":"product","link":"https:\/\/timabelou.thuglifenforce2.ovh\/index.php\/produit\/elisa\/","title":{"rendered":"Elisa"},"content":{"rendered":"<p>Combinaison mari\u00e9e Elisa<\/p>\n<p>Elisa est THE combinaison pour future Mari\u00e9e. une combinaison moderne est chic pour future mari\u00e9e<\/p>\n<p>Pour cette nouvelle saison il nous fallait une pi\u00e8ce iconique singuli\u00e8re et c&#8217;est Elisa qui est l&#8217;image de cette singularit\u00e9. Son volant fronc\u00e9, son d\u00e9collet\u00e9 audacieux et ses longues jambes interminable sont les ingr\u00e9dients d&#8217;une combinaison iconique.<\/p>\n<p>Elisa comme le reste de la collection Tima Belou est Made in France. Tout comme le reste de la collection cette combinaison est en disponible en semi-sur-mesure, apr\u00e8s commande il est possible de la mettre \u00e0 vos mesures pour que les longueurs et profondeurs soit parfaite pour un jour parfait.<\/p>\n<p>&nbsp;<\/p>\n<p>Tissu principal : 60% Viscose &#8211; 20%Cotton &#8211; 20 Polyester<\/p>\n<p>Doublure : 100% viscose<\/p>\n<p>Entretien : Nettoyage \u00e0 sec uniquement<\/p>\n<p>Lucie mesure 1,80 m, elle porte des chaussures avec 12 cm de talon.<\/p>\n","protected":false},"excerpt":{"rendered":"<p>Combinaison Elisa.<\/p>\n<p>Elisa va vous s\u00e9duire avec la coupe de ses longues jambes, ses d\u00e9tails chic a l&#8217;encolure et son d\u00e9collet\u00e9 ouvert.Si en plus cette combinaison est faite en France vous n&#8217;avez plus d&#8217;excuse.<\/p>\n","protected":false},"featured_media":1964,"comment_status":"closed","ping_status":"closed","template":"","meta":[],"product_brand":[],"product_cat":[54],"product_tag":[45],"class_list":{"0":"post-1899","1":"product","2":"type-product","3":"status-publish","4":"has-post-thumbnail","6":"product_cat-collection-2","7":"product_tag-ss25","8":"product_shipping_class-robes-ile-de-france","10":"first","11":"instock","12":"sale","13":"sold-individually","14":"shipping-taxable","15":"purchasable","16":"product-type-variable"},"jetpack_sharing_enabled":true,"_links":{"self":[{"href":"https:\/\/timabelou.thuglifenforce2.ovh\/index.php\/wp-json\/wp\/v2\/product\/1899","targetHints":{"allow":["GET"]}}],"collection":[{"href":"https:\/\/timabelou.thuglifenforce2.ovh\/index.php\/wp-json\/wp\/v2\/product"}],"about":[{"href":"https:\/\/timabelou.thuglifenforce2.ovh\/index.php\/wp-json\/wp\/v2\/types\/product"}],"replies":[{"embeddable":true,"href":"https:\/\/timabelou.thuglifenforce2.ovh\/index.php\/wp-json\/wp\/v2\/comments?post=1899"}],"version-history":[{"count":1,"href":"https:\/\/timabelou.thuglifenforce2.ovh\/index.php\/wp-json\/wp\/v2\/product\/1899\/revisions"}],"predecessor-version":[{"id":1965,"href":"https:\/\/timabelou.thuglifenforce2.ovh\/index.php\/wp-json\/wp\/v2\/product\/1899\/revisions\/1965"}],"wp:featuredmedia":[{"embeddable":true,"href":"https:\/\/timabelou.thuglifenforce2.ovh\/index.php\/wp-json\/wp\/v2\/media\/1964"}],"wp:attachment":[{"href":"https:\/\/timabelou.thuglifenforce2.ovh\/index.php\/wp-json\/wp\/v2\/media?parent=1899"}],"wp:term":[{"taxonomy":"product_brand","embeddable":true,"href":"https:\/\/timabelou.thuglifenforce2.ovh\/index.php\/wp-json\/wp\/v2\/product_brand?post=1899"},{"taxonomy":"product_cat","embeddable":true,"href":"https:\/\/timabelou.thuglifenforce2.ovh\/index.php\/wp-json\/wp\/v2\/product_cat?post=1899"},{"taxonomy":"product_tag","embeddable":true,"href":"https:\/\/timabelou.thuglifenforce2.ovh\/index.php\/wp-json\/wp\/v2\/product_tag?post=1899"}],"curies":[{"name":"wp","href":"https:\/\/api.w.org\/{rel}","templated":true}]}}